mmon factor of 233 and 108811.
233
What is the greatest common factor of 153 and 1359?
9
Calculate the greatest common factor of 24377 and 779.
19
What is the greatest common divisor of 65310 and 78?
6
What is the highest common divisor of 162184 and 165528?
1672
What is the greatest common divisor of 1302 and 45192?
42
Calculate the greatest common factor of 19 and 153748.
19
What is the highest common divisor of 24806 and 1106?
158
What is the highest common divisor of 130 and 54938?
26
What is the highest common divisor of 1552 and 384?
16
What is the highest common divisor of 5751 and 100926?
81
Calculate the greatest common factor of 618985 and 645.
215
Calculate the greatest common divisor of 93 and 35247.
93
What is the greatest common divisor of 438 and 64970?
146
Calculate the highest common divisor of 1602 and 204.
6
What is the greatest common divisor of 2287767 and 321?
321
What is the greatest common factor of 184260 and 10360?
740
What is the greatest common divisor of 588640 and 80?
80
What is the greatest common factor of 42 and 251174?
14
What is the greatest common factor of 714 and 63903?
357
What is the highest common factor of 5388 and 148?
4
Calculate the greatest common factor of 190293 and 548.
137
What is the highest common divisor of 91 and 450541?
91
Calculate the greatest common divisor of 2664 and 208.
8
Calculate the highest common factor of 747 and 69388.
83
Calculate the highest common factor of 241719 and 8180.
409
What is the greatest common divisor of 6 and 18654?
6
What is the highest common divisor of 161 and 103385?
23
What is the greatest common factor of 417 and 1838553?
417
Calculate the highest common factor of 8748 and 588.
12
Calculate the greatest common divisor of 432 and 86328.
72
What is the greatest common factor of 189914 and 538?
538
Calculate the greatest common divisor of 2432 and 38.
38
Calculate the greatest common divisor of 27795 and 1199.
109
Calculate the highest common factor of 18788 and 431270.
854
Calculate the highest common divisor of 952 and 8449.
119
What is the greatest common divisor of 5 and 34955?
5
What is the greatest common divisor of 2573017 and 74?
37
Calculate the greatest common factor of 223674 and 11.
11
Calculate the highest common divisor of 64611 and 135.
27
Calculate the greatest common factor of 128 and 83548.
4
What is the highest common divisor of 16 and 18180?
4
Calculate the greatest common divisor of 19415 and 51538.
353
Calculate the highest common divisor of 126 and 550746.
126
What is the highest common divisor of 1962 and 383244?
654
Calculate the greatest common factor of 2653 and 343.
7
Calculate the greatest common divisor of 49446 and 1230.
246
What is the greatest common divisor of 5490 and 108336?
366
What is the greatest common factor of 85 and 76480?
5
What is the highest common divisor of 2268 and 1350?
54
Calculate the highest common factor of 239400 and 15.
15
What is the highest common factor of 57352 and 10184?
536
Calculate the highest common factor of 660 and 57530.
110
What is the greatest common factor of 15312647 and 61?
61
What is the greatest common divisor of 595 and 417605?
85
Calculate the highest common divisor of 64 and 246800.
16
Calculate the greatest common factor of 100596 and 105444.
1212
What is the greatest common factor of 1080 and 5360?
40
What is the greatest common factor of 1248 and 68133?
39
What is the greatest common divisor of 840 and 1121120?
280
What is the greatest common factor of 11884 and 28?
4
What is the greatest common factor of 7136 and 19178?
446
Calculate the greatest common factor of 8633 and 3560.
89
Calculate the highest common factor of 186 and 367443.
93
What is the greatest common factor of 115815 and 105?
105
Calculate the greatest common divisor of 57 and 244473.
57
What is the greatest common factor of 7535 and 370448?
137
What is the greatest common factor of 35037775 and 25?
25
Calculate the highest common factor of 8 and 1565848.
8
What is the greatest common divisor of 12363 and 56004?
39
Calculate the highest common factor of 2189 and 209.
11
Calculate the highest common divisor of 11448 and 265.
53
What is the highest common divisor of 54 and 23841?
27
What is the highest common divisor of 35 and 212885?
5
Calculate the greatest common factor of 37504 and 5860.
1172
Calculate the highest common factor of 1052 and 47077.
263
What is the highest common factor of 4950 and 242?
22
What is the greatest common divisor of 295 and 211574?
59
Calculate the highest common factor of 4386 and 28122.
258
What is the highest common divisor of 36 and 431868?
12
Calculate the greatest common divisor of 4558 and 4240.
106
What is the highest common divisor of 10755 and 323845?
1195
Calculate the highest common divisor of 205506 and 378.
126
Calculate the highest common divisor of 38 and 434.
2
Calculate the greatest common factor of 1643 and 93.
31
What is the highest common factor of 458640 and 2160?
720
What is the greatest common factor of 25066 and 1494?
166
Calculate the highest common divisor of 212198 and 2898.
322
Calculate the greatest common divisor of 56504 and 21.
7
Calculate the greatest common divisor of 208 and 71600.
16
Calculate the highest common divisor of 2881 and 190481.
67
What is the highest common factor of 502138 and 208?
26
What is the highest common divisor of 336 and 40362?
42
Calculate the highest common divisor of 16 and 113040.
16
Calculate the greatest common divisor of 336 and 439712.
112
Calculate the greatest common factor of 27904 and 4352.
256
What is the highest common divisor of 10687677 and 231?
231
What is the highest common divisor of 578 and 11492?
34
Calculate the greatest common divisor of 11946 and 176.
22
Calculate the greatest common factor of 302151 and 609.
87
What is the greatest common divisor of 216 and 361314?
54
What is the highest common factor of 83268 and 91492?
1028
What is the greatest common divisor of 2970 and 18865?
55
What is the highest common factor of 15681 and 1?
1
Calculate the greatest common divisor of 95583 and 6963.
633
What is the highest common factor of 41916 and 504?
84
Calculate the greatest common factor of 54 and 143586.
54
What is the greatest common divisor of 962 and 8917?
37
What is the greatest common divisor of 63 and 1350?
9
Calculate the highest common factor of 258 and 187695.
129
Calculate the greatest common divisor of 176 and 90912.
16
What is the highest common divisor of 147636 and 2?
2
What is the highest common factor of 431525 and 25?
25
What is the greatest common divisor of 1760 and 5896?
88
Calculate the highest common factor of 223950 and 175.
25
Calculate the greatest common divisor of 8497 and 29.
29
Calculate the highest common factor of 5045326 and 59.
59
Calculate the highest common divisor of 492 and 1146729.
123
Calculate the greatest common divisor of 8906 and 68686.
122
Calculate the greatest common divisor of 130 and 676.
26
What is the highest common divisor of 473 and 77572?
473
What is the highest common factor of 45 and 891495?
45
Calculate the greatest common divisor of 455 and 867685.
455
Calculate the greatest common divisor of 3245 and 715.
55
What is the highest common divisor of 482894 and 1494?
166
What is the highest common factor of 1239 and 1113?
21
Calculate the highest common factor of 3264 and 112272.
48
Calculate the highest common factor of 134680 and 34965.
1295
Calculate the greatest common divisor of 81465 and 30.
15
What is the greatest common factor of 25376 and 671?
61
What is the greatest common divisor of 320212 and 17728?
1108
What is the greatest common divisor of 18330 and 11778?
78
What is the greatest common divisor of 67448 and 24?
8
What is the greatest common divisor of 64 and 89168?
16
Calculate the greatest common divisor of 2354 and 48578.
214
What is the greatest common divisor of 383 and 1904659?
383
What is the greatest common divisor of 1336 and 641948?
668
What is the highest common factor of 49584 and 504?
24
What is the highest common divisor of 5880 and 50904?
168
Calculate the highest common factor of 300 and 104628.
12
What is the highest common divisor of 16402 and 3058?
278
Calculate the highest common divisor of 784 and 11711.
49
Calcula